- 5161 = 0. Is o prime?
True
Suppose -5*v - 4*w = -26, -4*v - 2*w - 2 = -9*v. Let u(m) = -2*m + m**3 - m**2 + 3 + v*m. Is u(3) a prime number?
False
Suppose -71 = 3*r - 4*r. Suppose -2*j = -4*i + 3*j + r, -2*i + 2*j = -34. Is i composite?
True
Suppose -4*l = l - 60. Suppose m = -m + l. Suppose 0*v - v = -m. Is v prime?
False
Suppose 5*m + 0*g + 385 = 2*g, 0 = 3*g - 15. Is (-4)/(12/m) + -3 a prime number?
False
Suppose 0 = b - 10 - 8. Suppose 0 = 4*v - 50 - b. Suppose 5*g + v = t, 2*t - 4*g = 3*t - 53. Is t a prime number?
True
Let r = 89 - -6. Suppose 6*b - r = b. Is b a composite number?
False
Let p be 2/(1*-4 - -2). Let z be (-3)/6*(p + 1). Suppose 2*s + z*s = 76. Is s prime?
False
Let k = 18 + 1. Suppose 3*p - 9 = -f, 0*p = -2*p - 5*f - 7. Let t = p + k. Is t a composite number?
False
Let x(k) = 10*k + 9. Suppose -w + 7 = -2*r + 1, -w + 4*r - 2 = 0. Is x(w) prime?
True
Let r = -2557 + 4278. Is r prime?
True
Suppose 68 = 2*p - d, 102 = 3*p + 2*d + d. Suppose -k - n = 14, -n - p = 2*k - 2*n. Let r = k + 42. Is r a prime number?
False
Let y be 18/12*4/(-6). Let u = 5 - y. Is 34*u/3 + -3 prime?
False
Let l = -7 - -4. Let p = l - 2. Is 4/(-10) - 277/p a composite number?
True
Let n = -2197 - -5058. Is n a prime number?
True
Suppose 0 = -0*m - 2*m + 140. Let y = m + -21. Is y a composite number?
True
Suppose 28*k - 21 = 27*k. Is k prime?
False
Let z = -4 - -19. Suppose z = -4*q - 17. Let u = q - -41. Is u prime?
False
Let w = 12 - 8. Is (-215)/(-20) + 1/w composite?
False
Suppose -3*t = 6, 2*k + 0*k - 4*t = 622. Is k a composite number?
False
Let q(n) = -6*n - 4. Let w be q(-9). Let f = w - -19. Is f a prime number?
False
Suppose 3*f - 7*f + 54 = -v, 37 = 3*f + v. Suppose 3*b - 5*j + f = 0, b + 3*j = -3*b + 2. Is 22/3 + b/3 a prime number?
True
Let w(c) = -6 - 1 + 6*c - 4*c. Let b be w(8). Suppose -4*v + b*v - 35 = 0. Is v a prime number?
True
Let n(h) = -h**3 + 3*h**2 - 2. Let x be n(2). Suppose -d + 3 = -x*f + 10, -5*d = f + 13. Is 820/25 - f/(-10) prime?
False
Suppose 3*g + 5*x - 878 = 0, 3*g + 0*x + 4*x = 877. Is g prime?
False
Let m(p) = 20*p + 5. Suppose 0*a - 5*a - 47 = -3*n, -2*n + 3*a = -30. Is m(n) a composite number?
True
Suppose c - q = 590 + 201, -3*c - 5*q = -2341. Is c prime?
True
Suppose h + 10950 = 4*h. Is h/18 - 2/(-9) prime?
False
Let j be 0*2/2*-1. Suppose j = -z + 4*y + 71, 5*y = z - 0*y - 74. Is z a prime number?
True
Let y(n) = 79*n + 15. Is y(4) composite?
False
Suppose -3*m = 7 - 1. Is 71/(-1)*(m - -1) a composite number?
False
Suppose d = 3*a - 868, 5*d + 14 = a - 266. Is (2 - 2) + a/2 prime?
False
Let l = -153 - -357. Suppose -5*g + l = -191. Is g prime?
True
Let t = -1 + -1. Let k = 0 - t. Suppose -z + 4*p = -k*z - 2, 3*p + 9 = 0. Is z a prime number?
False
Is ((-4438)/(-8))/(-1)*16/(-4) a prime number?
False
Suppose -113 + 441 = 4*c. Suppose 3*b = -4*k - 1 + c, 0 = -k + b + 29. Suppose -3*l + 4*f + 137 = k, 2*f + 41 = l. Is l a composite number?
False
Is (248 - -4) + (1 + -2)/1 composite?
False
Suppose 0 = -2*a - 5*c + 919, a = -c - 4*c + 472. Suppose 0 = -d - 2*d + a. Is d composite?
False
Suppose d - 177 = -4*j - 0*j, -4*d + 708 = 4*j. Suppose 0 = 4*s - 8*s - 4, 3*s + d = c. Suppose c = 4*u - 30. Is u a composite number?
True
Let j(o) = -o**2 + 37*o + 29. Is j(34) a prime number?
True
Suppose -5*d + 3 = -7. Suppose 5*o + d*s - 91 = 0, -3*o + s + 61 = -s. Is o a prime number?
True
Let n(x) = 2*x**2 + 3*x - 4. Let b be n(3). Suppose 0 = -3*u + 1 + b. Suppose -445 = -u*p + 3*p. Is p composite?
False
Let c(y) = y**3 - 4*y**2 + 6*y + 2. Let a be (6/(-8))/(2/(-16)). Let q be c(a). Suppose -2*b + q = 2*u, 3 = -3*b - 3. Is u prime?
False
Let p be 39/(-18)*-8*-15. Let a = p - -392. Suppose 4*s - a = 24. Is s prime?
False
Suppose 5*a + 65 = 4*q, -q = -3*q + a + 31. Suppose q = -g - 0*g. Is (1 + g)/(0 - 2) composite?
False
Let i(v) = v - 2*v + 8*v + 3*v. Is i(1) a prime number?
False
Suppose -4*c + 0 = -8. Is (c + 1)/((-4)/(-28)) a composite number?
True
Let i(l) = -4884*l - 13. Is i(-2) composite?
True
Let t = -113 + 228. Is t a composite number?
True
Suppose u = -0*u + 2. Let m(r) = 4 + r**2 - 5 + 2*r**u. Is m(-4) prime?
True
Suppose -c - 266 = -3*n - 0*c, -4*n - 3*c = -359. Suppose -4*i + n = -23. Let p = i - -51. Is p a composite number?
False
Let d(z) = -3*z + 1. Let t be d(-1). Suppose -5*i = -t*j + 362, -5*i + 0*i = -3*j + 269. Suppose j = r + 2*r. Is r a composite number?
False
Let p(c) = -10*c**3 + 3*c**2 - 4. Let o be p(3). Let m = -159 - o. Let b = 165 - m. Is b prime?
False
Let g be 2/(-8)*2*-8. Suppose -14 = -g*t + 10. Is -1 - -86 - (t - 4) a prime number?
True
Let q(b) = b**3 + 10*b**2 + b - 1. Is q(-7) a composite number?
False
Let h be (-2)/(10/(-4) + 3). Let q = 187 - h. Is q a prime number?
True
Suppose -4*q = 184 + 388. Let d = 460 + q. Is d prime?
True
Let k = 100 + -60. Suppose -k - 192 = -4*n. Is n a prime number?
False
Let p = 8 + -4. Let b = 1 + 1. Suppose -500 = -p*l - 2*a, -4*a = l - b*l + 143. Is l composite?
False
Suppose 4*x - 1076 = -296. Suppose 0 = 6*q - q - x. Is q a prime number?
False
Let h = 16 - -39. Is h composite?
True
Let f be 4/10 - (-1212)/(-30). Let k = f - -137. Is k a prime number?
True
Is -2 + -1 - (8 - (8 - -1804)) a prime number?
True
Suppose -3*z + 12 - 105 = 0. Let j = z - -131. Suppose -j = 3*w - 265. Is w a prime number?
False
Suppose -2*s - 3*v - 16 = -s, 5*v = -4*s - 50. Let f be (-4)/s*(58 + 2). Let b = f + -11. Is b prime?
True
Let z = 3 - -1. Suppose -2*q + 176 = o, -o + 4*o = -z*q + 356. Is q a composite number?
True
Let i be (-1 - 9) + 3/(-3). Let l = i - -16. Suppose 34 = 2*n + 4*v, l*n - v - 117 = -3*v. Is n composite?
True
Let q = 589 + -366. Is q a prime number?
True
Let u(a) be the second derivative of -1/2*a**2 + 0 + 1/3*a**3 - 2*a. Is u(4) composite?
False
Let o(d) = -75*d - 4. Is o(-6) prime?
False
Suppose -5*a + 25 = 0, -2*a - 1105 = -l - 4*l. Is l a prime number?
True
Let b(t) = t**2 - 4*t + 4. Let i be b(2). Suppose j - 6*u - 60 = -u, i = -2*j + u + 75. Is j prime?
False
Let z be 4 - (1/1 - 1). Suppose -4*c - z*k = 0, 0 = -0*k - 3*k - 12. Suppose r = 3*a + 29, c*r + a - 224 = -82. Is r a composite number?
True
Let l be (3*12/(-9))/(-1). Suppose -l*h + 63 = -13. Is h composite?
False
Let c = -6 + 5. Let y = c + 60. Is y a prime number?
True
Suppose -2*w + 12 = 5*c - 0*c, -4*w = 4*c - 12. Suppose -118 + 9 = -c*f + 3*x, 4*f - 210 = -2*x. Is f composite?
False
Let o be 15*2*50/3. Suppose 2*t = o + 594. Is t prime?
True
Suppose 2*g - 254 = -0*g. Is g prime?
True
Suppose -42 = -k + 26. Let x be k*2/((-12)/(-189)). Is (-2)/(-10) - x/(-15) composite?
True
Let n = -4 + 6. Suppose -6 = n*a - 4*a. Suppose a*m - 24 - 147 = 0. Is m composite?
True
Suppose -2*k - 371 - 259 = -2*g, k = 3*g - 953. Is g a prime number?
False
Let s be (-2)/1 - (-1)/1. Let j be (-6)/(-2) + s + 2. Is (-6)/j*-1*4 composite?
True
Suppose -5*g - 178 = 3*w + w, 3*g + 6 = 0. Let m = w + 68. Is m a prime number?
False
Let f(l) = 3 + 2 + l**2 - 2*l + 0 - 1. Is f(3) a composite number?
False
Let x be ((-1)/(-3))/(1/6). Suppose i + 5*b - 418 = 0, -137 = -x*i - 5*b + 684. Suppose -5*f + 4*y + i = 0, -f - 3*y + 53 = -20. Is f composite?
False
Suppose -o = 4*o - 11580. Is 3/(-9) + o/9 a composite number?
False
Suppose s - 4*k - 23 = 0, -k - 17 = -5*s + s. Suppose 0 = s*v - 138 - 57. Is v a composite number?
True
Suppose 5*c - 15 + 0 = 0. Suppose 2*j - 1 = -m - c, 3*j = 3*m - 12. Suppose 0 = -4*z + r + 20, m*r + 8 = -0. Is z a composite number?
True
Let x be ((-1)/1)/((-8)/(-232)). Let p = -7 - x. Is p composite?
True
Let u(v) = 9*v**2 + 6*v - 2. Let g(l) = 8*l**2 + 5*l - 3. Let p(f) = 5*g(f) - 4*u(f). Suppose 23 = 4*q - 2*k + 5*k, 28 = 2*q - 4*k. Is p(q) prime?
True
Let p be 230/(-15)*12/(-2). Suppose 39 = -3*n + 3*d - 2*d, 0 = -n + 2*d - 13. Let a = p + n. Is a prime?
True
Let k = 2151 - 713. Is k composite?
True
Let n(p) = -19*p - 4. Is n(-3) composite?
False
Suppose 0 = 5*i + 7 + 3. Is 1/i*(-30 - -4) a composite number?
False
Let b be ((-4)/(-4))/(1/(-2)). Let o = b - -1. Is (-3)/(o - 93/(-102)) a composite number?
True
Suppose 0*k - 20 = -4*c + 2*k, 5*c - 2*k = 23. Is 428/8 - c/(-2) composite?
True
Let t(h) = h**3 + 7*h**2 + 4. Let b be t(-7). Suppose -148 = -0*n - b*n. Is n prime?
True
Let r(k) =